19703 is divided by 1786.
57
Calculate the remainder when 344212 is divided by 39.
37
What is the remainder when 911 is divided by 452?
7
Calculate the remainder when 64443 is divided by 106.
101
What is the remainder when 1116191 is divided by 151?
150
What is the remainder when 765519 is divided by 142?
139
Calculate the remainder when 11848 is divided by 2934.
112
Calculate the remainder when 11855 is divided by 220.
195
Calculate the remainder when 305054 is divided by 43.
12
Calculate the remainder when 865182 is divided by 33.
21
What is the remainder when 27659 is divided by 1202?
13
What is the remainder when 9883 is divided by 58?
23
What is the remainder when 30566 is divided by 119?
102
Calculate the remainder when 21082 is divided by 14.
12
Calculate the remainder when 111285 is divided by 12.
9
What is the remainder when 5194 is divided by 1690?
124
Calculate the remainder when 2213 is divided by 55.
13
Calculate the remainder when 34314 is divided by 301.
0
What is the remainder when 177884 is divided by 174?
56
Calculate the remainder when 14160 is divided by 140.
20
What is the remainder when 4840 is divided by 54?
34
What is the remainder when 397984 is divided by 97?
90
Calculate the remainder when 6339 is divided by 7.
4
Calculate the remainder when 3252 is divided by 1074.
30
Calculate the remainder when 3216 is divided by 239.
109
What is the remainder when 3935 is divided by 519?
302
What is the remainder when 1530575 is divided by 72?
71
What is the remainder when 37914 is divided by 39?
6
What is the remainder when 64108 is divided by 497?
492
Calculate the remainder when 2942 is divided by 672.
254
What is the remainder when 1491789 is divided by 12?
9
Calculate the remainder when 7856 is divided by 262.
258
Calculate the remainder when 40033 is divided by 20014.
5
Calculate the remainder when 37496 is divided by 464.
376
Calculate the remainder when 87829 is divided by 1950.
79
Calculate the remainder when 95502 is divided by 47730.
42
What is the remainder when 2282 is divided by 2167?
115
Calculate the remainder when 19423 is divided by 605.
63
What is the remainder when 6662 is divided by 44?
18
What is the remainder when 17021 is divided by 102?
89
Calculate the remainder when 3303 is divided by 38.
35
Calculate the remainder when 427993 is divided by 106997.
5
What is the remainder when 25532 is divided by 198?
188
What is the remainder when 55511 is divided by 263?
18
Calculate the remainder when 619234 is divided by 12.
10
Calculate the remainder when 715 is divided by 346.
23
What is the remainder when 215700 is divided by 76?
12
Calculate the remainder when 28439 is divided by 7108.
7
What is the remainder when 371 is divided by 90?
11
Calculate the remainder when 6174 is divided by 206.
200
What is the remainder when 23047 is divided by 3839?
13
What is the remainder when 44844 is divided by 11201?
40
Calculate the remainder when 1239208 is divided by 882.
880
What is the remainder when 193548 is divided by 336?
12
Calculate the remainder when 32076 is divided by 844.
4
Calculate the remainder when 855117 is divided by 47.
46
Calculate the remainder when 1505518 is divided by 752755.
8
What is the remainder when 18217 is divided by 444?
13
What is the remainder when 6898 is divided by 133?
115
What is the remainder when 105109 is divided by 115?
114
Calculate the remainder when 129719 is divided by 413.
37
Calculate the remainder when 10734 is divided by 56.
38
Calculate the remainder when 47734 is divided by 64.
54
Calculate the remainder when 1743 is divided by 19.
14
What is the remainder when 230586 is divided by 599?
570
What is the remainder when 45629 is divided by 53?
49
What is the remainder when 49266 is divided by 347?
339
What is the remainder when 1208 is divided by 30?
8
Calculate the remainder when 60511 is divided by 4027.
106
Calculate the remainder when 2347471 is divided by 212.
207
What is the remainder when 11127 is divided by 24?
15
What is the remainder when 326701 is divided by 39?
37
What is the remainder when 2372 is divided by 1186?
0
What is the remainder when 1308 is divided by 1285?
23
What is the remainder when 223849 is divided by 31?
29
Calculate the remainder when 11236 is divided by 575.
311
Calculate the remainder when 23870 is divided by 87.
32
Calculate the remainder when 988 is divided by 475.
38
What is the remainder when 1411 is divided by 64?
3
Calculate the remainder when 506901 is divided by 34.
29
What is the remainder when 4873 is divided by 1216?
9
What is the remainder when 4997 is divided by 264?
245
What is the remainder when 12149 is divided by 98?
95
What is the remainder when 1821 is divided by 446?
37
Calculate the remainder when 591123 is divided by 1255.
18
What is the remainder when 1110 is divided by 531?
48
What is the remainder when 1275 is divided by 99?
87
What is the remainder when 186286 is divided by 56?
30
Calculate the remainder when 3743 is divided by 178.
5
What is the remainder when 2697261 is divided by 37?
35
Calculate the remainder when 2469 is divided by 560.
229
What is the remainder when 320029 is divided by 16?
13
What is the remainder when 1834 is divided by 58?
36
What is the remainder when 2882010 is divided by 3275?
10
Calculate the remainder when 43441 is divided by 388.
373
Calculate the remainder when 14559 is divided by 2903.
44
Calculate the remainder when 238211 is divided by 117.
116
What is the remainder when 22890 is divided by 2541?
21
What is the remainder when 559 is divided by 130?
39
What is the remainder when 2424 is divided by 479?
29
What is the remainder when 48475 is divided by 44?
31
What is the remainder when 133829 is divided by 45?
44
Calculate the remainder when 53733 is divided by 53717.
16
What is the remainder when 2088 is divided by 522?
0
Calculate the remainder when 13422 is divided by 4474.
0
Calculate the remainder when 97368 is divided by 3476.
40
What is the remainder when 10567 is divided by 5280?
7
What is the remainder when 137254 is divided by 880?
854
What is the remainder when 3161 is divided by 865?
566
Calculate the remainder when 364 is divided by 15.
4
Calculate the remainder when 5219 is divided by 1670.
209
What is the remainder when 123019 is divided by 185?
179
What is the remainder when 905639 is divided by 20?
19
What is the remainder when 482 is divided by 17?
6
Calculate the remainder when 1307 is divided by 140.
47
What is the remainder when 1081 is divided by 233?
149
Calculate the remainder when 144982 is divided by 12.
10
What is the remainder when 36753 is divided by 14?
3
Calculate the remainder when 153716 is divided by 7685.
16
Calculate the remainder when 63553 is divided by 12707.
18
What is the remainder when 20402 is divided by 206?
8
Calculate the remainder when 36439 is divided by 7286.
9
Calculate the remainder when 181864 is divided by 538.
20
Calculate the remainder when 1320 is divided by 41.
8
What is the remainder when 546181 is divided by 182051?
28
What is the remainder when 10534 is divided by 310?
304
Calculate the remainder when 1130 is divided by 248.
138
What is the remainder when 2607426 is divided by 80?
66
Calculate the remainder when 19118 is divided by 8.
6
What is the remainder when 7864 is divided by 211?
57
What is the remainder when 833 is divided by 280?
273
Calculate the remainder when 76603 is divided by 19149.
7
What is the remainder when 40297 is divided by 325?
322
Calculate the remainder when 24286 is divided by 204.
10
What is the remainder when 3475 is divided by 343?
45
What is the remainder when 12839 is divided by 63?
50
Calculate the remainder when 43419 is divided by 92.
87
Calculate the remainder when 26964 is divided by 97.
95
What is the remainder when 6792 is divided by 169?
32
What is the remainder when 3127 is divided by 41?
11
What is the remainder when 67155 is divided by 707?
697
What is the remainder when 4630 is divided by 23?
7
Calculate the remainder when 58821 is divided by 129.
126
Calculate the remainder when 3567 is divided by 527.
405
What is the remainder when 1769 is divided by 511?
236
Calculate the remainder when 568 is divided by 565.
3
What is the remainder when 134615 is divided by 530?
525
What is 